{"id":815,"date":"2023-09-22T16:36:47","date_gmt":"2023-09-22T16:36:47","guid":{"rendered":"https:\/\/informaticacolchagua.cl\/ps_1\/?page_id=815"},"modified":"2023-10-09T21:29:57","modified_gmt":"2023-10-09T21:29:57","slug":"asociados","status":"publish","type":"page","link":"https:\/\/www.camaracomerciololol.cl\/wp\/asociados\/","title":{"rendered":"Asociados"},"content":{"rendered":"\n<div class=\"wp-block-stackable-heading stk-block-heading stk-block-heading--v2 stk-block stk-fed8db1\" id=\"nuestros-socios\" data-block-id=\"fed8db1\"><h5 class=\"stk-block-heading__text\">Nuestros Socios<\/h5><\/div>\n\n\n\n<div class=\"wp-block-stackable-columns stk-block-columns stk-block stk-02acce3\" data-block-id=\"02acce3\"><div class=\"stk-row stk-inner-blocks stk-block-content stk-content-align stk-02acce3-column\">\n<div class=\"wp-block-stackable-column stk-block-column stk-column stk-block stk-506142c\" data-v=\"4\" data-block-id=\"506142c\"><div class=\"stk-column-wrapper stk-block-column__content stk-container stk-506142c-container stk--no-background stk--no-padding\"><div class=\"stk-block-content stk-inner-blocks stk-506142c-inner-blocks\">\n<div class=\"wp-block-stackable-columns stk-block-columns stk-block stk-b026986\" data-block-id=\"b026986\"><style>.stk-b026986{margin-bottom:30px !important}<\/style><div class=\"stk-row stk-inner-blocks stk-block-content stk-content-align stk-b026986-column\">\n<div class=\"wp-block-stackable-column stk-block-column stk-column stk-block stk-8ec952b\" data-v=\"4\" data-block-id=\"8ec952b\"><style>.stk-8ec952b-container{margin-top:1px !important;margin-right:1px !important;margin-bottom:1px !important;margin-left:1px !important}<\/style><div class=\"stk-column-wrapper stk-block-column__content stk-container stk-8ec952b-container stk--no-background stk--no-padding\"><div class=\"stk-block-content stk-inner-blocks stk-8ec952b-inner-blocks\">\n<div class=\"wp-block-stackable-text stk-block-text stk-block stk-c6dfb75\" data-block-id=\"c6dfb75\"><p class=\"stk-block-text__text\">\u00danete a la C\u00e1mara de Comercio de Lolol y s\u00e9 parte de una red empresarial din\u00e1mica. Con\u00e9ctate con otros empresarios, participa en eventos y capacitaciones, influye en el desarrollo local y promueve tu negocio. Adem\u00e1s, nuestra georreferenciaci\u00f3n te brinda una visi\u00f3n precisa de la distribuci\u00f3n geogr\u00e1fica de nuestros socios para una colaboraci\u00f3n estrat\u00e9gica. \u00a1\u00danete hoy y crezcamos juntos!<\/p><\/div>\n<\/div><\/div><\/div>\n<\/div><\/div>\n\n\n\n<div class=\"wp-block-stackable-columns stk-block-columns stk-block stk-7542e9e\" data-block-id=\"7542e9e\"><div class=\"stk-row stk-inner-blocks stk-block-content stk-content-align stk-7542e9e-column\">\n<div class=\"wp-block-stackable-column stk-block-column stk-column stk-block stk-ed4cdab\" data-v=\"4\" data-block-id=\"ed4cdab\"><style>.stk-ed4cdab{align-self:stretch !important}<\/style><div class=\"stk-column-wrapper stk-block-column__content stk-container stk-ed4cdab-container stk--no-background stk--no-padding\"><div class=\"has-text-align-center stk-block-content stk-inner-blocks stk-ed4cdab-inner-blocks\">\n<div class=\"wp-block-stackable-text stk-block-text stk-block stk-c066611\" data-block-id=\"c066611\"><p class=\"stk-block-text__text\">Georefenciaci\u00f3n de los Socios de la AG.<\/p><\/div>\n\n\n\n<iframe loading=\"lazy\" src=\"https:\/\/www.google.com\/maps\/d\/u\/0\/embed?mid=1HxAbMJXqNpx3XyC9Uw4T8ZGEtiNERc4&#038;ehbc=2E312F&#038;noprof=1\" width=\"1000\" height=\"580\"><\/iframe>\n\n\n\n<div class=\"wp-block-stackable-text stk-block-text stk-block stk-5516514\" data-block-id=\"5516514\"><p class=\"stk-block-text__text\"><\/p><\/div>\n<\/div><\/div><\/div>\n<\/div><\/div>\n<\/div><\/div><\/div>\n<\/div><\/div>\n","protected":false},"excerpt":{"rendered":"<p>Nuestros Socios \u00danete a la C\u00e1mara de Comercio de Lolol y s\u00e9 parte de una red empresarial din\u00e1mica. Con\u00e9ctate con otros empresarios, participa en eventos y capacitaciones, influye en el desarrollo local y promueve tu negocio. Adem\u00e1s, nuestra georreferenciaci\u00f3n te brinda una visi\u00f3n precisa de la distribuci\u00f3n geogr\u00e1fica de nuestros socios para una colaboraci\u00f3n estrat\u00e9gica. [&hellip;]<\/p>\n","protected":false},"author":1,"featured_media":0,"parent":0,"menu_order":0,"comment_status":"closed","ping_status":"closed","template":"","meta":{"footnotes":""},"class_list":["post-815","page","type-page","status-publish","hentry"],"blocksy_meta":[],"_links":{"self":[{"href":"https:\/\/www.camaracomerciololol.cl\/wp\/wp-json\/wp\/v2\/pages\/815","targetHints":{"allow":["GET"]}}],"collection":[{"href":"https:\/\/www.camaracomerciololol.cl\/wp\/wp-json\/wp\/v2\/pages"}],"about":[{"href":"https:\/\/www.camaracomerciololol.cl\/wp\/wp-json\/wp\/v2\/types\/page"}],"author":[{"embeddable":true,"href":"https:\/\/www.camaracomerciololol.cl\/wp\/wp-json\/wp\/v2\/users\/1"}],"replies":[{"embeddable":true,"href":"https:\/\/www.camaracomerciololol.cl\/wp\/wp-json\/wp\/v2\/comments?post=815"}],"version-history":[{"count":31,"href":"https:\/\/www.camaracomerciololol.cl\/wp\/wp-json\/wp\/v2\/pages\/815\/revisions"}],"predecessor-version":[{"id":1141,"href":"https:\/\/www.camaracomerciololol.cl\/wp\/wp-json\/wp\/v2\/pages\/815\/revisions\/1141"}],"wp:attachment":[{"href":"https:\/\/www.camaracomerciololol.cl\/wp\/wp-json\/wp\/v2\/media?parent=815"}],"curies":[{"name":"wp","href":"https:\/\/api.w.org\/{rel}","templated":true}]}}

<div class="wp-block-stackable-heading stk-block-heading stk-block-heading--v2 stk-block stk-fed8db1" id="nuestros-socios" data-block-id="fed8db1"><h5 class="stk-block-heading__text">Nuestros Socios</h5></div>



<div class="wp-block-stackable-columns stk-block-columns stk-block stk-02acce3" data-block-id="02acce3"><div class="stk-row stk-inner-blocks stk-block-content stk-content-align stk-02acce3-column">
<div class="wp-block-stackable-column stk-block-column stk-column stk-block stk-506142c" data-v="4" data-block-id="506142c"><div class="stk-column-wrapper stk-block-column__content stk-container stk-506142c-container stk--no-background stk--no-padding"><div class="stk-block-content stk-inner-blocks stk-506142c-inner-blocks">
<div class="wp-block-stackable-columns stk-block-columns stk-block stk-b026986" data-block-id="b026986"><style>.stk-b026986{margin-bottom:30px !important}</style><div class="stk-row stk-inner-blocks stk-block-content stk-content-align stk-b026986-column">
<div class="wp-block-stackable-column stk-block-column stk-column stk-block stk-8ec952b" data-v="4" data-block-id="8ec952b"><style>.stk-8ec952b-container{margin-top:1px !important;margin-right:1px !important;margin-bottom:1px !important;margin-left:1px !important}</style><div class="stk-column-wrapper stk-block-column__content stk-container stk-8ec952b-container stk--no-background stk--no-padding"><div class="stk-block-content stk-inner-blocks stk-8ec952b-inner-blocks">
<div class="wp-block-stackable-text stk-block-text stk-block stk-c6dfb75" data-block-id="c6dfb75"><p class="stk-block-text__text">Únete a la Cámara de Comercio de Lolol y sé parte de una red empresarial dinámica. Conéctate con otros empresarios, participa en eventos y capacitaciones, influye en el desarrollo local y promueve tu negocio. Además, nuestra georreferenciación te brinda una visión precisa de la distribución geográfica de nuestros socios para una colaboración estratégica. ¡Únete hoy y crezcamos juntos!</p></div>
</div></div></div>
</div></div>



<div class="wp-block-stackable-columns stk-block-columns stk-block stk-7542e9e" data-block-id="7542e9e"><div class="stk-row stk-inner-blocks stk-block-content stk-content-align stk-7542e9e-column">
<div class="wp-block-stackable-column stk-block-column stk-column stk-block stk-ed4cdab" data-v="4" data-block-id="ed4cdab"><style>.stk-ed4cdab{align-self:stretch !important}</style><div class="stk-column-wrapper stk-block-column__content stk-container stk-ed4cdab-container stk--no-background stk--no-padding"><div class="has-text-align-center stk-block-content stk-inner-blocks stk-ed4cdab-inner-blocks">
<div class="wp-block-stackable-text stk-block-text stk-block stk-c066611" data-block-id="c066611"><p class="stk-block-text__text">Georefenciación de los Socios de la AG.</p></div>



<iframe loading="lazy" src="https://www.google.com/maps/d/u/0/embed?mid=1HxAbMJXqNpx3XyC9Uw4T8ZGEtiNERc4&#038;ehbc=2E312F&#038;noprof=1" width="1000" height="580"></iframe>



<div class="wp-block-stackable-text stk-block-text stk-block stk-5516514" data-block-id="5516514"><p class="stk-block-text__text"></p></div>
</div></div></div>
</div></div>
</div></div></div>
</div></div>

<p>Nuestros Socios Únete a la Cámara de Comercio de Lolol y sé parte de una red empresarial dinámica. Conéctate con otros empresarios, participa en eventos y capacitaciones, influye en el desarrollo local y promueve tu negocio. Además, nuestra georreferenciación te brinda una visión precisa de la distribución geográfica de nuestros socios para una colaboración estratégica. [&hellip;]</p>
